{"id":612,"date":"2020-06-16T14:15:44","date_gmt":"2020-06-16T14:15:44","guid":{"rendered":"https:\/\/larskaeker.de\/?page_id=612"},"modified":"2024-07-04T18:32:38","modified_gmt":"2024-07-04T18:32:38","slug":"draussen-teil-i","status":"publish","type":"page","link":"https:\/\/larskaeker.de\/?page_id=612","title":{"rendered":"drau\u00dfen &#8211; Teil I"},"content":{"rendered":"\t\t<div data-elementor-type=\"wp-post\" data-elementor-id=\"612\" class=\"elementor elementor-612\">\n\t\t\t\t\t\t<section class=\"elementor-section elementor-top-section elementor-element elementor-element-60a1226 elementor-section-boxed elementor-section-height-default elementor-section-height-default\" data-id=\"60a1226\" data-element_type=\"section\" data-e-type=\"section\">\n\t\t\t\t\t\t<div class=\"elementor-container elementor-column-gap-default\">\n\t\t\t\t\t<div class=\"elementor-column elementor-col-100 elementor-top-column elementor-element elementor-element-53cc56f\" data-id=\"53cc56f\" data-element_type=\"column\" data-e-type=\"column\">\n\t\t\t<div class=\"elementor-widget-wrap elementor-element-populated\">\n\t\t\t\t\t\t<div class=\"elementor-element elementor-element-821fdb6 elementor-widget elementor-widget-heading\" data-id=\"821fdb6\" data-element_type=\"widget\" data-e-type=\"widget\" data-widget_type=\"heading.default\">\n\t\t\t\t<div class=\"elementor-widget-container\">\n\t\t\t\t\t<h2 class=\"elementor-heading-title elementor-size-default\">drau\u00dfen - Teil I<\/h2>\t\t\t\t<\/div>\n\t\t\t\t<\/div>\n\t\t\t\t<div class=\"elementor-element elementor-element-273823e elementor-widget-divider--view-line elementor-widget elementor-widget-divider\" data-id=\"273823e\" data-element_type=\"widget\" data-e-type=\"widget\" data-widget_type=\"divider.default\">\n\t\t\t\t<div class=\"elementor-widget-container\">\n\t\t\t\t\t\t\t<div class=\"elementor-divider\">\n\t\t\t<span class=\"elementor-divider-separator\">\n\t\t\t\t\t\t<\/span>\n\t\t<\/div>\n\t\t\t\t\t\t<\/div>\n\t\t\t\t<\/div>\n\t\t\t\t<div class=\"elementor-element elementor-element-46bd5bc elementor-pagination-position-outside elementor-widget elementor-widget-image-carousel\" data-id=\"46bd5bc\" data-element_type=\"widget\" data-e-type=\"widget\" data-settings=\"{&quot;slides_to_show&quot;:&quot;1&quot;,&quot;navigation&quot;:&quot;dots&quot;,&quot;autoplay&quot;:&quot;yes&quot;,&quot;pause_on_hover&quot;:&quot;yes&quot;,&quot;pause_on_interaction&quot;:&quot;yes&quot;,&quot;autoplay_speed&quot;:5000,&quot;infinite&quot;:&quot;yes&quot;,&quot;effect&quot;:&quot;slide&quot;,&quot;speed&quot;:500}\" data-widget_type=\"image-carousel.default\">\n\t\t\t\t<div class=\"elementor-widget-container\">\n\t\t\t\t\t\t\t<div class=\"elementor-image-carousel-wrapper swiper\" role=\"region\" aria-roledescription=\"carousel\" aria-label=\"Bild Karussell\" dir=\"ltr\">\n\t\t\t<div class=\"elementor-image-carousel swiper-wrapper\" aria-live=\"off\">\n\t\t\t\t\t\t\t\t<div class=\"swiper-slide\" role=\"group\" aria-roledescription=\"slide\" aria-label=\"1 von 1\"><a data-elementor-open-lightbox=\"yes\" data-elementor-lightbox-slideshow=\"46bd5bc\" data-elementor-lightbox-title=\"draussen_by_lars_kaeker\" data-e-action-hash=\"#elementor-action%3Aaction%3Dlightbox%26settings%3DeyJpZCI6NjM1LCJ1cmwiOiJodHRwczpcL1wvbGFyc2thZWtlci5kZVwvd3AtY29udGVudFwvdXBsb2Fkc1wvMjAyMFwvMDZcL2RyYXVzc2VuX2J5X2xhcnNfa2Fla2VyLTEuanBnIiwic2xpZGVzaG93IjoiNDZiZDViYyJ9\" href=\"https:\/\/larskaeker.de\/wp-content\/uploads\/2020\/06\/draussen_by_lars_kaeker-1.jpg\"><figure class=\"swiper-slide-inner\"><img decoding=\"async\" class=\"swiper-slide-image\" src=\"https:\/\/larskaeker.de\/wp-content\/uploads\/2020\/06\/draussen_by_lars_kaeker-1.jpg\" alt=\"Gesamtwerk &quot;drau\u00dfen&quot;\" \/><\/figure><\/a><\/div>\t\t\t<\/div>\n\t\t\t\t\t<\/div>\n\t\t\t\t\t\t<\/div>\n\t\t\t\t<\/div>\n\t\t\t\t\t<\/div>\n\t\t<\/div>\n\t\t\t\t\t<\/div>\n\t\t<\/section>\n\t\t\t\t<section class=\"elementor-section elementor-top-section elementor-element elementor-element-967dfb4 elementor-section-boxed elementor-section-height-default elementor-section-height-default\" data-id=\"967dfb4\" data-element_type=\"section\" data-e-type=\"section\">\n\t\t\t\t\t\t<div class=\"elementor-container elementor-column-gap-default\">\n\t\t\t\t\t<div class=\"elementor-column elementor-col-100 elementor-top-column elementor-element elementor-element-7ca53bc\" data-id=\"7ca53bc\" data-element_type=\"column\" data-e-type=\"column\">\n\t\t\t<div class=\"elementor-widget-wrap elementor-element-populated\">\n\t\t\t\t\t\t<div class=\"elementor-element elementor-element-11e15fe elementor-widget elementor-widget-text-editor\" data-id=\"11e15fe\" data-element_type=\"widget\" data-e-type=\"widget\" data-widget_type=\"text-editor.default\">\n\t\t\t\t<div class=\"elementor-widget-container\">\n\t\t\t\t\t\t\t\t\t<p>Serie \u201edrau\u00dfen\u201c<br \/>15 Gem\u00e4lde<br \/>jeweils 80 cm \u00d7 100 cm | \u00d6l auf Leinwand | 1997 \u2013 1999<br \/>Sammlung des Museums am Dom, Wu\u0308rzburg<br \/><br \/>In den Jahren 1997 bis 1999 fotografierte und portr\u00e4tierte Lars K\u00e4ker obdachlose Menschen des Ruhrgebiets mit Unterstu\u0308tzung zweier Stra\u00dfenzeitungen. Die Menschen erscheinen monochrom in gru\u0308n, was den Betrachter wie durch einen Restlichtverst\u00e4rker auf die Gesichter schauen l\u00e4sst. Durch die Konzentration auf das Portr\u00e4t im Anschnitt entfallen s\u00e4mtliche Armutsattribute. Die Serie wurde erstmalig 1999 im Kunstschacht Zeche Zollverein in Essen \u00f6ffentlich pr\u00e4sentiert<\/p>\t\t\t\t\t\t\t\t<\/div>\n\t\t\t\t<\/div>\n\t\t\t\t\t<\/div>\n\t\t<\/div>\n\t\t\t\t\t<\/div>\n\t\t<\/section>\n\t\t\t\t<\/div>\n\t\t","protected":false},"excerpt":{"rendered":"<p>drau\u00dfen &#8211; Teil I Serie \u201edrau\u00dfen\u201c15 Gem\u00e4ldejeweils 80 cm \u00d7 100 cm | \u00d6l auf Leinwand | 1997 \u2013 1999Sammlung des Museums am Dom, Wu\u0308rzburg In den Jahren 1997 bis 1999 fotografierte und portr\u00e4tierte Lars K\u00e4ker obdachlose Menschen des Ruhrgebiets mit Unterstu\u0308tzung zweier Stra\u00dfenzeitungen. Die Menschen erscheinen monochrom in gru\u0308n, was den Betrachter wie durch [&hellip;]<\/p>\n","protected":false},"author":1,"featured_media":0,"parent":0,"menu_order":0,"comment_status":"closed","ping_status":"closed","template":"page-templates\/pagebuilder.php","meta":{"zakra_page_container_layout":"stretched","zakra_page_sidebar_layout":"no_sidebar","zakra_remove_content_margin":false,"zakra_sidebar":"customizer","zakra_transparent_header":"0","zakra_logo":0,"zakra_main_header_style":"default","zakra_menu_item_color":"","zakra_menu_item_hover_color":"","zakra_menu_item_active_color":"","zakra_menu_active_style":"","zakra_page_header":true,"footnotes":""},"class_list":["post-612","page","type-page","status-publish","hentry"],"_links":{"self":[{"href":"https:\/\/larskaeker.de\/index.php?rest_route=\/wp\/v2\/pages\/612","targetHints":{"allow":["GET"]}}],"collection":[{"href":"https:\/\/larskaeker.de\/index.php?rest_route=\/wp\/v2\/pages"}],"about":[{"href":"https:\/\/larskaeker.de\/index.php?rest_route=\/wp\/v2\/types\/page"}],"author":[{"embeddable":true,"href":"https:\/\/larskaeker.de\/index.php?rest_route=\/wp\/v2\/users\/1"}],"replies":[{"embeddable":true,"href":"https:\/\/larskaeker.de\/index.php?rest_route=%2Fwp%2Fv2%2Fcomments&post=612"}],"version-history":[{"count":14,"href":"https:\/\/larskaeker.de\/index.php?rest_route=\/wp\/v2\/pages\/612\/revisions"}],"predecessor-version":[{"id":732,"href":"https:\/\/larskaeker.de\/index.php?rest_route=\/wp\/v2\/pages\/612\/revisions\/732"}],"wp:attachment":[{"href":"https:\/\/larskaeker.de\/index.php?rest_route=%2Fwp%2Fv2%2Fmedia&parent=612"}],"curies":[{"name":"wp","href":"https:\/\/api.w.org\/{rel}","templated":true}]}}

draußen &#8211; Teil I

<div data-elementor-type="wp-post" data-elementor-id="612" class="elementor elementor-612">
						<section class="elementor-section elementor-top-section elementor-element elementor-element-60a1226 elementor-section-boxed elementor-section-height-default elementor-section-height-default" data-id="60a1226" data-element_type="section" data-e-type="section">
						<div class="elementor-container elementor-column-gap-default">
					<div class="elementor-column elementor-col-100 elementor-top-column elementor-element elementor-element-53cc56f" data-id="53cc56f" data-element_type="column" data-e-type="column">
			<div class="elementor-widget-wrap elementor-element-populated">
						<div class="elementor-element elementor-element-821fdb6 elementor-widget elementor-widget-heading" data-id="821fdb6" data-element_type="widget" data-e-type="widget" data-widget_type="heading.default">
				<div class="elementor-widget-container">
					<h2 class="elementor-heading-title elementor-size-default">draußen - Teil I</h2>				</div>
				</div>
				<div class="elementor-element elementor-element-273823e elementor-widget-divider--view-line elementor-widget elementor-widget-divider" data-id="273823e" data-element_type="widget" data-e-type="widget" data-widget_type="divider.default">
				<div class="elementor-widget-container">
							<div class="elementor-divider">
			<span class="elementor-divider-separator">
						</span>
		</div>
						</div>
				</div>
				<div class="elementor-element elementor-element-46bd5bc elementor-pagination-position-outside elementor-widget elementor-widget-image-carousel" data-id="46bd5bc" data-element_type="widget" data-e-type="widget" data-settings="{&quot;slides_to_show&quot;:&quot;1&quot;,&quot;navigation&quot;:&quot;dots&quot;,&quot;autoplay&quot;:&quot;yes&quot;,&quot;pause_on_hover&quot;:&quot;yes&quot;,&quot;pause_on_interaction&quot;:&quot;yes&quot;,&quot;autoplay_speed&quot;:5000,&quot;infinite&quot;:&quot;yes&quot;,&quot;effect&quot;:&quot;slide&quot;,&quot;speed&quot;:500}" data-widget_type="image-carousel.default">
				<div class="elementor-widget-container">
							<div class="elementor-image-carousel-wrapper swiper" role="region" aria-roledescription="carousel" aria-label="Bild Karussell" dir="ltr">
			<div class="elementor-image-carousel swiper-wrapper" aria-live="off">
								<div class="swiper-slide" role="group" aria-roledescription="slide" aria-label="1 von 1"><a data-elementor-open-lightbox="yes" data-elementor-lightbox-slideshow="46bd5bc" data-elementor-lightbox-title="draussen_by_lars_kaeker" data-e-action-hash="#elementor-action%3Aaction%3Dlightbox%26settings%3DeyJpZCI6NjM1LCJ1cmwiOiJodHRwczpcL1wvbGFyc2thZWtlci5kZVwvd3AtY29udGVudFwvdXBsb2Fkc1wvMjAyMFwvMDZcL2RyYXVzc2VuX2J5X2xhcnNfa2Fla2VyLTEuanBnIiwic2xpZGVzaG93IjoiNDZiZDViYyJ9" href="https://larskaeker.de/wp-content/uploads/2020/06/draussen_by_lars_kaeker-1.jpg"><figure class="swiper-slide-inner"><img decoding="async" class="swiper-slide-image" src="https://larskaeker.de/wp-content/uploads/2020/06/draussen_by_lars_kaeker-1.jpg" alt="Gesamtwerk &quot;draußen&quot;" /></figure></a></div>			</div>
					</div>
						</div>
				</div>
					</div>
		</div>
					</div>
		</section>
				<section class="elementor-section elementor-top-section elementor-element elementor-element-967dfb4 elementor-section-boxed elementor-section-height-default elementor-section-height-default" data-id="967dfb4" data-element_type="section" data-e-type="section">
						<div class="elementor-container elementor-column-gap-default">
					<div class="elementor-column elementor-col-100 elementor-top-column elementor-element elementor-element-7ca53bc" data-id="7ca53bc" data-element_type="column" data-e-type="column">
			<div class="elementor-widget-wrap elementor-element-populated">
						<div class="elementor-element elementor-element-11e15fe elementor-widget elementor-widget-text-editor" data-id="11e15fe" data-element_type="widget" data-e-type="widget" data-widget_type="text-editor.default">
				<div class="elementor-widget-container">
									<p>Serie „draußen“<br />15 Gemälde<br />jeweils 80 cm × 100 cm | Öl auf Leinwand | 1997 – 1999<br />Sammlung des Museums am Dom, Würzburg<br /><br />In den Jahren 1997 bis 1999 fotografierte und porträtierte Lars Käker obdachlose Menschen des Ruhrgebiets mit Unterstützung zweier Straßenzeitungen. Die Menschen erscheinen monochrom in grün, was den Betrachter wie durch einen Restlichtverstärker auf die Gesichter schauen lässt. Durch die Konzentration auf das Porträt im Anschnitt entfallen sämtliche Armutsattribute. Die Serie wurde erstmalig 1999 im Kunstschacht Zeche Zollverein in Essen öffentlich präsentiert</p>								</div>
				</div>
					</div>
		</div>
					</div>
		</section>
				</div>

<p>draußen &#8211; Teil I Serie „draußen“15 Gemäldejeweils 80 cm × 100 cm | Öl auf Leinwand | 1997 – 1999Sammlung des Museums am Dom, Würzburg In den Jahren 1997 bis 1999 fotografierte und porträtierte Lars Käker obdachlose Menschen des Ruhrgebiets mit Unterstützung zweier Straßenzeitungen. Die Menschen erscheinen monochrom in grün, was den Betrachter wie durch [&hellip;]</p>
