{"id":702,"date":"2020-12-15T11:56:31","date_gmt":"2020-12-15T11:56:31","guid":{"rendered":"https:\/\/larskaeker.de\/?page_id=702"},"modified":"2020-12-15T12:13:09","modified_gmt":"2020-12-15T12:13:09","slug":"ueber-lars-kaeker","status":"publish","type":"page","link":"https:\/\/larskaeker.de\/?page_id=702","title":{"rendered":"\u00dcber Lars K\u00e4ker"},"content":{"rendered":"\t\t<div data-elementor-type=\"wp-page\" data-elementor-id=\"702\" class=\"elementor elementor-702\">\n\t\t\t\t\t\t<section class=\"elementor-section elementor-top-section elementor-element elementor-element-4b23378e elementor-section-boxed elementor-section-height-default elementor-section-height-default\" data-id=\"4b23378e\" data-element_type=\"section\" data-e-type=\"section\">\n\t\t\t\t\t\t<div class=\"elementor-container elementor-column-gap-default\">\n\t\t\t\t\t<div class=\"elementor-column elementor-col-100 elementor-top-column elementor-element elementor-element-7461bfff\" data-id=\"7461bfff\" data-element_type=\"column\" data-e-type=\"column\">\n\t\t\t<div class=\"elementor-widget-wrap elementor-element-populated\">\n\t\t\t\t\t\t<div class=\"elementor-element elementor-element-6c11874f elementor-widget elementor-widget-text-editor\" data-id=\"6c11874f\" data-element_type=\"widget\" data-e-type=\"widget\" data-widget_type=\"text-editor.default\">\n\t\t\t\t<div class=\"elementor-widget-container\">\n\t\t\t\t\t\t\t\t\t<p><\/p>\n<p><strong><br><\/strong><\/p><p><strong>Lars K\u00e4ker \u2013 Portr\u00e4ts<\/strong><\/p>\n<p><\/p>\n<p><\/p>\n<p>Beim Betrachten der Portr\u00e4ts von Lars K\u00e4ker begegnet man Menschen, Individuen, die h\u00e4ufig am Rande der Gesellschaft leben, jenseits des Main Streams, die aber doch zu einer Gruppe oder einer Szene mit einer ganz eigenen Identit\u00e4t geh\u00f6ren. Beispiele sind Menschen mit Suchtproblemen, Besucher von Tageseinrichtungen, K\u00f6lner M\u00fcllm\u00e4nner oder Blogger. Lars K\u00e4ker widmet sich einer modernen Form der Portr\u00e4tmalerei, naturgetreuen Darstellungen in einer unverwechselbaren Handschrift. Auf der Grundlage von Fotografien gestaltet er Bilder in \u00d6l auf Leinwand, h\u00e4lt das Verg\u00e4ngliche eines Schnappschusses oder eines Selfies in sozialen Medien auf eine Weise fest, mit der sich K\u00fcnstler seit Jahrhunderten besch\u00e4ftigen, um Bilder von Menschen zu schaffen.<\/p>\n<p><\/p>\n<p><\/p>\n<p>Menschliche Gesichter haben eine archaische Bedeutung und faszinieren K\u00fcnstler seit eh und je. Ein Gesicht gilt als Spiegel der Seele, als Fenster zum Wesen einer Person. Der Mensch ist ein versierter Experte in der Analyse von Gesichtern \u2013 das Gehirn ben\u00f6tigt weniger als eine Sekunde, um wesentliche Merkmale des Gesichts einer anderen Person und seiner Mimik zu erfassen und um eine Entscheidung zu f\u00e4llen, ob man die Person kennt, in welcher Stimmung sie sich befindet oder ob sie einem sympathisch ist.<\/p>\n<p><\/p>\n<p><\/p>\n<p>Lars K\u00e4kers Arbeiten sind kein malerisches Abbild von Personen zum Zwecke der Dokumentation. Sie sind Darstellungen von Pers\u00f6nlichkeiten durch den Blick des Malers, die Sichtbarmachung einer inneren Struktur. Seine Portr\u00e4ts sind bildf\u00fcllend an der Vertikalen ausgerichtet, mit markanten Konturen, ungew\u00f6hnlicher Farbgebung und unter Hinzuf\u00fcgung von abstrakten Elementen gestaltet. In seinen Arbeiten betont Lars K\u00e4ker bestimmte Merkmale eines Gesichts, andere treten in den Hintergrund, um das Wesen der Person in seiner Vorstellungskraft zum Ausdruck zu bringen. Daraus resultieren sehr pers\u00f6nliche Portr\u00e4ts, psychologisch differenzierte Darstellungen von einer ber\u00fchrenden Vitalit\u00e4t, die eine sp\u00fcrbare Pr\u00e4senz der Portr\u00e4tierten ausstrahlen.<\/p>\n<p><\/p>\n<p><\/p>\n<p>Im Zentrum des vielschichtigen Werkes des K\u00fcnstlers steht der Mensch, meist ohne Bezug zu einer bestimmten Umgebung oder zu anderen Personen. Lars K\u00e4kers Arbeiten sind mit Feinf\u00fchligkeit ausgef\u00fchrte Nahaufnahmen von gro\u00dfer Kraft jenseits einer schnell konsumierten Oberfl\u00e4che, die Menschen mit St\u00e4rken und Schw\u00e4chen, mit Br\u00fcchen und Rissen zeigen. Seine Bilder spiegeln eine gro\u00dfe F\u00e4higkeit zur Empathie und den Respekt des Malers vor dem Individuum wieder. Lars K\u00e4kers Malerei bringt dem Betrachter Menschen am Rande der Gesellschaft n\u00e4her, Typen, die ber\u00fchren und zum Nachdenken \u00fcber Authentizit\u00e4t und Anderssein anregen. Die Besch\u00e4ftigung mit seinen Portr\u00e4ts erm\u00f6glicht vielen einen ersten Zugang zu einer Welt, die ihnen bis dato verschlossen war und regt zu Reflektion \u00fcber Individualit\u00e4t und zu neuen Begegnungen an.<\/p>\n<p><\/p>\n<p><\/p>\n<p>Prof. Dr. Irene Daum, Redakteurin <a href=\"https:\/\/wissenschaft-kunst.de\/\" target=\"_blank\" rel=\"noreferrer noopener\">www.wissenschaft-kunst.de<\/a><\/p><p><br><\/p>\n<p><\/p>\t\t\t\t\t\t\t\t<\/div>\n\t\t\t\t<\/div>\n\t\t\t\t\t<\/div>\n\t\t<\/div>\n\t\t\t\t\t<\/div>\n\t\t<\/section>\n\t\t\t\t<\/div>\n\t\t","protected":false},"excerpt":{"rendered":"<p>Lars K\u00e4ker \u2013 Portr\u00e4ts Beim Betrachten der Portr\u00e4ts von Lars K\u00e4ker begegnet man Menschen, Individuen, die h\u00e4ufig am Rande der Gesellschaft leben, jenseits des Main Streams, die aber doch zu einer Gruppe oder einer Szene mit einer ganz eigenen Identit\u00e4t geh\u00f6ren. Beispiele sind Menschen mit Suchtproblemen, Besucher von Tageseinrichtungen, K\u00f6lner M\u00fcllm\u00e4nner oder Blogger. Lars K\u00e4ker [&hellip;]<\/p>\n","protected":false},"author":1,"featured_media":0,"parent":0,"menu_order":0,"comment_status":"closed","ping_status":"closed","template":"elementor_header_footer","meta":{"zakra_page_container_layout":"customizer","zakra_page_sidebar_layout":"customizer","zakra_remove_content_margin":false,"zakra_sidebar":"customizer","zakra_transparent_header":"customizer","zakra_logo":0,"zakra_main_header_style":"default","zakra_menu_item_color":"","zakra_menu_item_hover_color":"","zakra_menu_item_active_color":"","zakra_menu_active_style":"","zakra_page_header":true,"footnotes":""},"class_list":["post-702","page","type-page","status-publish","hentry"],"_links":{"self":[{"href":"https:\/\/larskaeker.de\/index.php?rest_route=\/wp\/v2\/pages\/702","targetHints":{"allow":["GET"]}}],"collection":[{"href":"https:\/\/larskaeker.de\/index.php?rest_route=\/wp\/v2\/pages"}],"about":[{"href":"https:\/\/larskaeker.de\/index.php?rest_route=\/wp\/v2\/types\/page"}],"author":[{"embeddable":true,"href":"https:\/\/larskaeker.de\/index.php?rest_route=\/wp\/v2\/users\/1"}],"replies":[{"embeddable":true,"href":"https:\/\/larskaeker.de\/index.php?rest_route=%2Fwp%2Fv2%2Fcomments&post=702"}],"version-history":[{"count":5,"href":"https:\/\/larskaeker.de\/index.php?rest_route=\/wp\/v2\/pages\/702\/revisions"}],"predecessor-version":[{"id":714,"href":"https:\/\/larskaeker.de\/index.php?rest_route=\/wp\/v2\/pages\/702\/revisions\/714"}],"wp:attachment":[{"href":"https:\/\/larskaeker.de\/index.php?rest_route=%2Fwp%2Fv2%2Fmedia&parent=702"}],"curies":[{"name":"wp","href":"https:\/\/api.w.org\/{rel}","templated":true}]}}

Über Lars Käker

<div data-elementor-type="wp-page" data-elementor-id="702" class="elementor elementor-702">
						<section class="elementor-section elementor-top-section elementor-element elementor-element-4b23378e elementor-section-boxed elementor-section-height-default elementor-section-height-default" data-id="4b23378e" data-element_type="section" data-e-type="section">
						<div class="elementor-container elementor-column-gap-default">
					<div class="elementor-column elementor-col-100 elementor-top-column elementor-element elementor-element-7461bfff" data-id="7461bfff" data-element_type="column" data-e-type="column">
			<div class="elementor-widget-wrap elementor-element-populated">
						<div class="elementor-element elementor-element-6c11874f elementor-widget elementor-widget-text-editor" data-id="6c11874f" data-element_type="widget" data-e-type="widget" data-widget_type="text-editor.default">
				<div class="elementor-widget-container">
									<p></p>
<p><strong><br></strong></p><p><strong>Lars Käker – Porträts</strong></p>
<p></p>
<p></p>
<p>Beim Betrachten der Porträts von Lars Käker begegnet man Menschen, Individuen, die häufig am Rande der Gesellschaft leben, jenseits des Main Streams, die aber doch zu einer Gruppe oder einer Szene mit einer ganz eigenen Identität gehören. Beispiele sind Menschen mit Suchtproblemen, Besucher von Tageseinrichtungen, Kölner Müllmänner oder Blogger. Lars Käker widmet sich einer modernen Form der Porträtmalerei, naturgetreuen Darstellungen in einer unverwechselbaren Handschrift. Auf der Grundlage von Fotografien gestaltet er Bilder in Öl auf Leinwand, hält das Vergängliche eines Schnappschusses oder eines Selfies in sozialen Medien auf eine Weise fest, mit der sich Künstler seit Jahrhunderten beschäftigen, um Bilder von Menschen zu schaffen.</p>
<p></p>
<p></p>
<p>Menschliche Gesichter haben eine archaische Bedeutung und faszinieren Künstler seit eh und je. Ein Gesicht gilt als Spiegel der Seele, als Fenster zum Wesen einer Person. Der Mensch ist ein versierter Experte in der Analyse von Gesichtern – das Gehirn benötigt weniger als eine Sekunde, um wesentliche Merkmale des Gesichts einer anderen Person und seiner Mimik zu erfassen und um eine Entscheidung zu fällen, ob man die Person kennt, in welcher Stimmung sie sich befindet oder ob sie einem sympathisch ist.</p>
<p></p>
<p></p>
<p>Lars Käkers Arbeiten sind kein malerisches Abbild von Personen zum Zwecke der Dokumentation. Sie sind Darstellungen von Persönlichkeiten durch den Blick des Malers, die Sichtbarmachung einer inneren Struktur. Seine Porträts sind bildfüllend an der Vertikalen ausgerichtet, mit markanten Konturen, ungewöhnlicher Farbgebung und unter Hinzufügung von abstrakten Elementen gestaltet. In seinen Arbeiten betont Lars Käker bestimmte Merkmale eines Gesichts, andere treten in den Hintergrund, um das Wesen der Person in seiner Vorstellungskraft zum Ausdruck zu bringen. Daraus resultieren sehr persönliche Porträts, psychologisch differenzierte Darstellungen von einer berührenden Vitalität, die eine spürbare Präsenz der Porträtierten ausstrahlen.</p>
<p></p>
<p></p>
<p>Im Zentrum des vielschichtigen Werkes des Künstlers steht der Mensch, meist ohne Bezug zu einer bestimmten Umgebung oder zu anderen Personen. Lars Käkers Arbeiten sind mit Feinfühligkeit ausgeführte Nahaufnahmen von großer Kraft jenseits einer schnell konsumierten Oberfläche, die Menschen mit Stärken und Schwächen, mit Brüchen und Rissen zeigen. Seine Bilder spiegeln eine große Fähigkeit zur Empathie und den Respekt des Malers vor dem Individuum wieder. Lars Käkers Malerei bringt dem Betrachter Menschen am Rande der Gesellschaft näher, Typen, die berühren und zum Nachdenken über Authentizität und Anderssein anregen. Die Beschäftigung mit seinen Porträts ermöglicht vielen einen ersten Zugang zu einer Welt, die ihnen bis dato verschlossen war und regt zu Reflektion über Individualität und zu neuen Begegnungen an.</p>
<p></p>
<p></p>
<p>Prof. Dr. Irene Daum, Redakteurin <a href="https://wissenschaft-kunst.de/" target="_blank" rel="noreferrer noopener">www.wissenschaft-kunst.de</a></p><p><br></p>
<p></p>								</div>
				</div>
					</div>
		</div>
					</div>
		</section>
				</div>

<p>Lars Käker – Porträts Beim Betrachten der Porträts von Lars Käker begegnet man Menschen, Individuen, die häufig am Rande der Gesellschaft leben, jenseits des Main Streams, die aber doch zu einer Gruppe oder einer Szene mit einer ganz eigenen Identität gehören. Beispiele sind Menschen mit Suchtproblemen, Besucher von Tageseinrichtungen, Kölner Müllmänner oder Blogger. Lars Käker [&hellip;]</p>
